st the prime factors of 88791.
3, 17, 1741
List the prime factors of 3284.
2, 821
What are the prime factors of 1339?
13, 103
What are the prime factors of 2616?
2, 3, 109
List the prime factors of 530.
2, 5, 53
List the prime factors of 37466.
2, 11, 13, 131
List the prime factors of 965.
5, 193
What are the prime factors of 3616?
2, 113
List the prime factors of 1599.
3, 13, 41
List the prime factors of 749.
7, 107
List the prime factors of 10763.
47, 229
List the prime factors of 16643.
11, 17, 89
What are the prime factors of 2132?
2, 13, 41
What are the prime factors of 6068?
2, 37, 41
What are the prime factors of 8112?
2, 3, 13
List the prime factors of 7034.
2, 3517
List the prime factors of 887.
887
What are the prime factors of 10248?
2, 3, 7, 61
What are the prime factors of 831?
3, 277
List the prime factors of 77884.
2, 19471
List the prime factors of 76658.
2, 38329
What are the prime factors of 33283?
83, 401
List the prime factors of 4781.
7, 683
What are the prime factors of 984?
2, 3, 41
What are the prime factors of 972?
2, 3
What are the prime factors of 2720?
2, 5, 17
List the prime factors of 37170.
2, 3, 5, 7, 59
List the prime factors of 5671.
53, 107
What are the prime factors of 1887?
3, 17, 37
List the prime factors of 82798.
2, 41399
What are the prime factors of 42970?
2, 5, 4297
List the prime factors of 136784.
2, 83, 103
What are the prime factors of 667?
23, 29
List the prime factors of 658.
2, 7, 47
List the prime factors of 469.
7, 67
What are the prime factors of 6620?
2, 5, 331
List the prime factors of 10766.
2, 7, 769
What are the prime factors of 3023?
3023
What are the prime factors of 32050?
2, 5, 641
What are the prime factors of 32091?
3, 19, 563
What are the prime factors of 2729?
2729
What are the prime factors of 4422?
2, 3, 11, 67
List the prime factors of 51633.
3, 5737
What are the prime factors of 102280?
2, 5, 2557
List the prime factors of 3467.
3467
What are the prime factors of 2253?
3, 751
What are the prime factors of 8778?
2, 3, 7, 11, 19
What are the prime factors of 2621?
2621
What are the prime factors of 1093?
1093
What are the prime factors of 74874?
2, 3, 12479
List the prime factors of 16581.
3, 5527
List the prime factors of 19587.
3, 6529
List the prime factors of 17487.
3, 29, 67
What are the prime factors of 21908?
2, 5477
List the prime factors of 8327.
11, 757
What are the prime factors of 143?
11, 13
List the prime factors of 14324.
2, 3581
What are the prime factors of 402?
2, 3, 67
List the prime factors of 81667.
81667
What are the prime factors of 82586?
2, 7, 17, 347
List the prime factors of 1968.
2, 3, 41
List the prime factors of 129595.
5, 25919
List the prime factors of 41.
41
What are the prime factors of 8760?
2, 3, 5, 73
What are the prime factors of 17035?
5, 3407
What are the prime factors of 8239?
7, 11, 107
What are the prime factors of 1182?
2, 3, 197
List the prime factors of 6259.
11, 569
List the prime factors of 12645.
3, 5, 281
List the prime factors of 48548.
2, 53, 229
What are the prime factors of 849?
3, 283
List the prime factors of 799.
17, 47
What are the prime factors of 2986?
2, 1493
What are the prime factors of 935?
5, 11, 17
What are the prime factors of 5129?
23, 223
List the prime factors of 65929.
65929
What are the prime factors of 1168?
2, 73
What are the prime factors of 534?
2, 3, 89
List the prime factors of 41469.
3, 23, 601
List the prime factors of 68321.
11, 6211
List the prime factors of 5390.
2, 5, 7, 11
What are the prime factors of 484?
2, 11
List the prime factors of 166.
2, 83
List the prime factors of 162.
2, 3
What are the prime factors of 16245?
3, 5, 19
List the prime factors of 3576.
2, 3, 149
What are the prime factors of 622?
2, 311
List the prime factors of 893.
19, 47
What are the prime factors of 5238?
2, 3, 97
What are the prime factors of 55000?
2, 5, 11
List the prime factors of 1071.
3, 7, 17
List the prime factors of 13545.
3, 5, 7, 43
List the prime factors of 500.
2, 5
List the prime factors of 1510.
2, 5, 151
List the prime factors of 17584.
2, 7, 157
List the prime factors of 1858.
2, 929
List the prime factors of 456.
2, 3, 19
List the prime factors of 24988.
2, 6247
List the prime factors of 3932.
2, 983
What are the prime factors of 22663?
131, 173
What are the prime factors of 138205?
5, 131, 211
List the prime factors of 9264.
2, 3, 193
What are the prime factors of 33421?
19, 1759
What are the prime factors of 15598?
2, 11, 709
List the prime factors of 49437.
3, 1831
What are the prime factors of 1534?
2, 13, 59
What are the prime factors of 108688?
2, 6793
What are the prime factors of 630?
2, 3, 5, 7
List the prime factors of 176517.
3, 11, 1783
List the prime factors of 465.
3, 5, 31
What are the prime factors of 20863?
31, 673
List the prime factors of 1741.
1741
List the prime factors of 1193.
1193
What are the prime factors of 26707?
17, 1571
What are the prime factors of 576?
2, 3
List the prime factors of 2326.
2, 1163
List the prime factors of 394.
2, 197
What are the prime factors of 12642?
2, 3, 7, 43
What are the prime factors of 2091?
3, 17, 41
What are the prime factors of 11484?
2, 3, 11, 29
What are the prime factors of 747?
3, 83
What are the prime factors of 381?
3, 127
List the prime factors of 4758.
2, 3, 13, 61
What are the prime factors of 28162?
2, 14081
List the prime factors of 10108.
2, 7, 19
List the prime factors of 540.
2, 3, 5
List the prime factors of 5339.
19, 281
What are the prime factors of 5471?
5471
List the prime factors of 2782.
2, 13, 107
List the prime factors of 8950.
2, 5, 179
What are the prime factors of 3063?
3, 1021
What are the prime factors of 148?
2, 37
List the prime factors of 1042.
2, 521
What are the prime factors of 13224?
2, 3, 19, 29
What are the prime factors of 158722?
2, 61, 1301
What are the prime factors of 4731?
3, 19, 83
List the prime factors of 97049.
107, 907
List the prime factors of 20039.
29, 691
List the prime factors of 44582.
2, 22291
List the prime factors of 20872.
2, 2609
What are the prime factors of 968?
2, 11
List the prime factors of 79132.
2, 73, 271
What are the prime factors of 1189?
29, 41
What are the prime factors of 47749?
13, 3673
What are the prime factors of 49803?
3, 13, 1277
List the prime factors of 1930.
2, 5, 193
What are the prime factors of 1623?
3, 541
What are the prime factors of 8626?
2, 19, 227
List the prime factors of 189.
3, 7
List the prime factors of 7439.
43, 173
What are the prime factors of 4793?
4793
What are the prime factors of 5123?
47, 109
What are the prime factors of 11235?
3, 5, 7, 107
List the prime factors of 64992.
2, 3, 677
List the prime factors of 34090.
2, 5, 7, 487
What are the prime factors of 26582?
2, 13291
What are the prime factors of 10127?
13, 19, 41
List the prime factors of 9521.
9521
List the prime factors of 71375.
5, 571
List the prime factors of 27789.
3, 59, 157
List the prime factors of 41233.
41233
List the prime factors of 1982.
2, 991
What are the prime factors of 7124?
2, 13, 137
List the prime factors of 9758.
2, 7, 17, 41
What are the prime factors of 1621?
1621
What are the prime factors of 2468?
2, 617
What are the prime factors of 4785?
3, 5, 11, 29
List the prime factors of 145850.
2, 5, 2917
List the prime factors of 56549.
193, 293
What are the prime factors of 1198?
2, 599
What are the prime factors of 6125?
5, 7
What are the prime factors of 2468?
2, 617
What are the prime factors of 147?
3, 7
List the prime factors of 6173.
6173
List the prime factors of 47285.
5, 7, 193
List the prime factors of 1573.
11, 13
What are the prime factors of 17?
17
List the prime factors of 2445.
3, 5, 163
What are the prime factors of 8694?
2, 3, 7, 23
List the prime factors of 2298.
2, 3, 383
List the prime factors of 3421.
11, 311
List the prime factors of 53311.
89, 599
List the prime factors of 6562.
2, 17, 193
What are the prime factors of 3155?
5, 631
What are the prime factors of 1769?
29, 61
What are the prime factors of 5046?
2, 3, 29
List the prime factors of 110507.
59, 1873
What are the prime factors of 1042?
2, 521
List the prime factors of 3535.
5, 7, 101
What are the prime factors of 21518?
2, 7, 29, 53
List the prime factors of 17212.
2, 13